 y(i) = 3*c(i) + 2*d(i). What is y(-7)?
-5
Let n be 18/(-4) - (-5)/10. Let m(z) = -z - 9. What is m(n)?
-5
Let o be 4 - (5 - 3 - 2). Suppose 2*b + 2*b - v - 16 = 0, -b + o*v + 19 = 0. Let k(f) = -3 + f + 7 + 0*f + 0*f. Calculate k(b).
7
Let l(b) be the first derivative of b**3/3 + 3*b**2 + 4*b - 8. Determine l(-3).
-5
Suppose 7*o - 5*w + 10 = 12*o, -5*o = 4*w - 6. Let b(k) = 3*k - 3. Let z be b(2). Let a(y) = 0*y + 3*y**3 - y**2 - 4*y**3 + 3*y + z. Calculate a(o).
1
Let n(d) = -3 + 7 + 2*d - 4. Determine n(1).
2
Let u(m) be the third derivative of m**8/6720 + m**7/630 - m**6/240 + m**5/30 + m**4/12 + 5*m**2. Let r(t) be the second derivative of u(t). Calculate r(-5).
-6
Let n(v) be the second derivative of v**4/4 - v**3/2 + v. Let p = 0 - -2. Suppose -p = 4*z - 10. Calculate n(z).
6
Let o(w) = w**3 + 3*w**2 - w + 2. Let a be o(-3). Let q = a + 0. Let p(m) = 3 - 2 + 4*m - q*m + 1 - m**2. What is p(-4)?
-10
Let p(y) = 11 - 7 + 18*y - 42*y + 28*y. Calculate p(6).
28
Let r(w) = -2*w - 1. Suppose 8*z - 8 = 4*z. Calculate r(z).
-5
Let g(j) be the third derivative of 7*j**4/24 + j**3/6 - 6*j**2. Determine g(-1).
-6
Let a(j) = j - 1. Let r(m) = -3*m + 1. Let s(v) = 2*a(v) + r(v). Let h be s(-5). Let f(t) = -t**2 + 6*t**2 - 4*t**3 + 3*t**3 - 4*t. Give f(h).
0
Let o(r) be the first derivative of 3 + 5/2*r**2 + 1/3*r**3 - 5*r. Give o(-5).
-5
Let g(j) be the third derivative of j**6/120 - j**5/12 + j**4/6 - 2*j**3/3 - 3*j**2. Let h be (-12)/(-8)*8/3. Determine g(h).
-4
Let q(i) be the first derivative of i**3/3 + i**2/2 + i + 28. What is q(4)?
21
Suppose -3*p - 14 = -p + 4*l, 0 = 4*p - 3*l - 27. Let v(s) be the third derivative of s**4/24 - s**3/6 + s**2. Give v(p).
2
Let w be -1*(1 + 4 + -1). Let m(h) = 2*h**2 + 12*h + 11. Let d(i) = i**2 + 6*i + 5. Let t(v) = w*m(v) + 9*d(v). Give t(-6).
1
Let o(u) = -4*u - 2. Suppose -3*i + 2 = -v - 3*v, -6 = v + 2*i. Calculate o(v).
6
Let r(u) = -3*u + 6. Suppose a = -2*a. Let i = 2 + a. Suppose i*x + 4 = 3*x. What is r(x)?
-6
Let x(i) = i**2 + 5*i + 6. Suppose -2*j - 5*k = 0, 3*k = -j + 4*j. Let a be -1 + 0 + -4 + j. Give x(a).
6
Let i(v) be the third derivative of 1/12*v**4 + 3*v**2 + 0 + 0*v + 3/2*v**3. Give i(-6).
-3
Suppose 4 + 2 = 2*w. Let f(o) = o + o**w - 1 - 2*o**3 + o. Calculate f(-2).
3
Let r(x) = x**2 + 5*x + 4. Suppose -4*q - 30 = -6. Calculate r(q).
10
Let h(p) = -3 - p**2 + 0 - 6*p - 2. Let g be h(-5). Let z(l) = g*l - 2*l - l. Determine z(2).
-6
Suppose -11 = -2*l - 3. Suppose 2*s = -s. Suppose y + s*y = l. Let r(v) = v**3 - 3*v**2 - 2*v - 5. Give r(y).
3
Let s(a) = a**3 - 4*a**2 - 3*a + 5. Let d(h) = 8*h**2 + 2*h**3 - h**3 + 4 - 2*h**2. Let q be d(-6). Let w = 0 + q. Determine s(w).
-7
Let r(v) = 4*v - 2. Let j be (18/(-15))/(2/(-5)). What is r(j)?
10
Let m(k) = -k**3 + k + 4. Let q(b) = -3*b**2 + 20*b - 12. Let z be q(6). What is m(z)?
4
Let m(s) be the second derivative of -s**3/6 + 18*s. Let r(p) = 4*p**2 + 2*p + 1. Let k be r(-1). Suppose -5*c = a + 6 - 18, c + k = -2*a. What is m(c)?
-3
Suppose 5*m = 3*m. Suppose 3*d = t + 10, 3*t = -m*t - 3. Let a(i) = 1 - 2 + d*i + 0*i. What is a(1)?
2
Suppose 3*z - 3*r - 6 = 0, r = -4*z - 2*r + 8. Suppose -6 = -l - 4*q, -4*l - 3*q = -q - 10. Let m(t) = -t**l - z*t - 1 - 1 + 0*t**2. Give m(-3).
-5
Let u(t) = t**3 + 3*t**2 + 3*t. Let w be u(-2). Let k = 4 + w. Let m(j) = -j**2 - 4*j**2 + 0*j**k. Determine m(1).
-5
Let u(r) = -r**3 + 6*r**2 + 3*r - 1. Let q(x) = x**2. Let v(h) = 3*q(h) - u(h). Calculate v(3).
-8
Let y(t) = -t - 7. Let o be 2 - 0/((-4)/(-2)). Suppose 7*c - 3*c - 20 = 0, 0 = -o*b - 3*c + 27. Give y(b).
-13
Suppose 3*r - w - 2 = 0, -3*r - 2*r - w = -14. Let b(j) = -3*j**2 - j - j**2 - 2*j**r. Give b(1).
-7
Let d(s) be the third derivative of 1/24*s**4 + s**2 + 0*s + 0 + 1/6*s**3 + 1/40*s**5. Let i(y) be the first derivative of d(y). Calculate i(-2).
-5
Let d(r) be the third derivative of 4*r**2 + 0*r**4 + 0*r**5 + 1/6*r**3 + 0*r + 0 + 1/24*r**6. Calculate d(-1).
-4
Let v(l) = l**2 + 4*l - 1. Let g = 8 - 1. Suppose -3*b + 8 = -g*b. Let o be 8*(b - 9/(-6)). What is v(o)?
-1
Let s(v) = v + 1. Let y be s(-2). Let t = y - -3. Let q(i) be the third derivative of i**4/12 - i**3/6 - i**2. Give q(t).
3
Let z(w) = 5*w + 4 - 6*w + 0*w. Let a be z(3). Let c(t) = -3*t + 7*t**2 - t**3 - t - t**2 - a. Determine c(5).
4
Let m(t) be the third derivative of t**4/6 - t**3/6 + 25*t**2. Determine m(-1).
-5
Let z = -14 - -12. Let h = 8 + z. Let l(m) = -m**3 + 5*m**2 + 5*m - 1. Calculate l(h).
-7
Let o(a) = -a**3 - 3*a**2 + 2*a + 2. Suppose 0 = -13*p - 7*p - 60. What is o(p)?
-4
Let f(t) = 2*t - 12. Let l be f(6). Suppose 4*w - 1 - 3 = l. Let d(m) be the third derivative of -m**5/10 + m**4/24 - m**3/6 - 3*m**2. Give d(w).
-6
Let y = -8 + 11. Let d(s) = -y*s - 8*s + 3*s + 3*s. What is d(-3)?
15
Suppose -b + 2*b = -2*h - 2, -3*h + 11 = 5*b. Let w(t) = -t**3 - 2*t**2 + 2*t. Determine w(h).
3
Suppose -3*w + 21 = -4*f + 5, 0 = 2*f + 4*w + 8. Let l(b) be the first derivative of -b**4/4 - b**3 + b**2 - 3*b + 28. What is l(f)?
5
Let v(k) = -5*k + 16. Let g(n) = -14*n + 47. Let a(h) = -4*g(h) + 11*v(h). Determine a(6).
-6
Let d(r) = -r**3 - 4*r**2 + 3*r + 6. Let y be d(-4). Let j = y + 9. Let h(w) = 3*w + 0*w + j*w**2 - 3*w. What is h(1)?
3
Let p(b) be the third derivative of 0*b + 1/24*b**4 + 0 + 8*b**2 + b**3. What is p(-5)?
1
Let c = 8 - 4. Suppose -3*j = m - 6, 2 = -0*j + j - 3*m. Let p(l) = -7*l - j*l + 8*l. Give p(c).
-4
Let g be 46/11 + -4 + 27/33. Let y(r) = -2 - r**3 + 3 - 3*r**2 + 2*r**2. Let v(j) = -5*j**3 - 9*j**2 - 4*j + 3. Let t(d) = g*v(d) - 4*y(d). Give t(-4).
-1
Suppose -8 = -12*l + 10*l. Let z(p) = p**3 - 6*p**2 + 6*p. What is z(l)?
-8
Let t(f) = -f**3 + f**2 + f - 8. Let a be (-216)/(-22) + 6/33. Suppose -3*s = a + 26. Let y be 4/(-6) - s/18. Determine t(y).
-8
Let z(t) = t**3 + 3*t**2 + 4*t + 2. Let l be (-16)/(-20)*(3 + 2). Suppose 0*v + 8 = -l*v. Determine z(v).
-2
Let k(p) = p**2 + 1 - 4*p**2 + p - 4*p**2. Let y be -2 - (-2 - (0 - 1)). Determine k(y).
-7
Let q be 0 - (0/2)/2. Let h(u) = -3*u + 1. Let m(g) = -5*g + 10. Let z(o) = 2*h(o) - m(o). Determine z(q).
-8
Let f(i) be the second derivative of -7*i**4/12 - 7*i**3/3 - 3*i**2 + i. Let j(l) = -6*l**2 - 13*l - 6. Let d(a) = -5*f(a) + 6*j(a). Give d(-5).
9
Let j(y) = -y**3 + 11*y**2 + 13*y - 13. Let g be (-7)/((-84)/(-64))*(-18)/8. Calculate j(g).
-1
Let m(i) = i**2 + 4*i - 10. Let r be m(-5). Let u(s) = -1 + 0*s - s + 0. Give u(r).
4
Let d(q) = -2*q**2 - q - 4. Let w(z) = -2*z**2 - z - 5. Let l(v) = -4*d(v) + 3*w(v). Let m be (-16)/(-9) + (-4)/(-18). What is l(m)?
11
Let w(d) be the first derivative of d**4/4 + d**3 - d**2/2 + 4*d - 44. Determine w(-3).
7
Let j(x) = -x**2 + 6*x + 5. Let i(v) = v**3 - 4*v**2 + 3*v. Let q be i(3). Suppose q = -n - 2*n - 30. Let o = n - -16. Calculate j(o).
5
Let s = -1 - 1. Let r(z) = -3*z**3 - 2*z**2 - 2*z - 1. What is r(s)?
19
Let s be -1 + -1*(0 + -3). Suppose s*d = 5*d. Let a(f) = -f - 6. Give a(d).
-6
Let l(z) = -11*z**2 - 17*z + 14. Let q(f) = 4*f**2 + 6*f - 5. Let i(n) = -6*l(n) - 17*q(n). Calculate i(-1).
-1
Let l(h) = 13*h**2 - 2*h - 2. Let s(x) = -638*x**2 + 99*x + 99. Let t(n) = -99*l(n) - 2*s(n). Determine t(-1).
-11
Suppose -4*p - 2 = -6. Let f(k) = -1 + p - 2*k**2 + 0 + 1. Calculate f(-1).
-1
Suppose 2*q + 3*c - 8 = -2*q, 0 = -q - 4*c + 15. Let w(d) = -d**3 - 6*d**3 + 2*d**3. Give w(q).
5
Let s(r) be the second derivative of 0 + 2*r - 1/2*r**3 - 1/120*r**5 - 1/12*r**4 + 0*r**2. Let c(x) be the second derivative of s(x). Determine c(-5).
3
Let v(r) = -r**3 + 3*r**2 + 5*r - 2. Suppose -4*c - 16 = 0, -6*a + 16 = -2*a - 3*c. Suppose -i + 0*l + l = -7, -4*i - 5*l + a = 0. Give v(i).
2
Suppose 3*l = 5*p - 38, -3*l - 10 = -0*p + 2*p. Let z be 3/l + (-10)/(-4). Let k(n) = -n. Give k(z).
-2
Let r(b) = -b - 2. Suppose 3*p = -h - 11, 2*p + 2*h + 12 = p. What is r(p)?
0
Let g(f) be the second derivative of -f**5/20 - 5*f**4/12 + 7*f**3/6 - 2*f. Suppose 5*a + 11 = -19. Determine g(a).
-6
Let o = 3 + 9. Suppose 2*a - o = -2*a. Let u(n) = -3 - a - n**3 + 4. Calculate u(0).
-2
Let x be 4/(-14) - 88/(-14). Let l(h) = -44*h + 2*h**2 + 38*h + 3 + 5*h**2 - h**3. Calculate l(x).
3
Let r(o) = o**2 - o**2 + o**2 - 4*o - 1. Let f(a) = a**2 + 7*a + 4. Let v be f(-7). Determine r(v)